sor of 170 and 20?
10
What is the highest common factor of 35820 and 90?
90
Calculate the highest common factor of 266 and 76.
38
What is the highest common factor of 253 and 121?
11
What is the highest common factor of 510 and 90?
30
Calculate the highest common factor of 24 and 136.
8
What is the highest common factor of 16 and 4256?
16
What is the greatest common divisor of 832 and 52?
52
Calculate the highest common divisor of 72 and 696.
24
What is the greatest common divisor of 6 and 366?
6
Calculate the greatest common divisor of 504 and 48.
24
Calculate the highest common factor of 64 and 608.
32
Calculate the highest common factor of 135 and 20.
5
Calculate the greatest common factor of 518 and 37.
37
Calculate the greatest common divisor of 244 and 122.
122
What is the greatest common divisor of 1408 and 1936?
176
Calculate the highest common divisor of 26 and 15002.
26
What is the highest common divisor of 1705 and 55?
55
What is the highest common factor of 32 and 96?
32
Calculate the highest common divisor of 4812 and 36.
12
Calculate the highest common factor of 23 and 46.
23
What is the highest common divisor of 170 and 136?
34
What is the greatest common factor of 21 and 609?
21
Calculate the highest common factor of 24195 and 30.
15
What is the highest common factor of 4 and 132?
4
What is the highest common divisor of 15 and 100?
5
What is the greatest common divisor of 83 and 1411?
83
What is the highest common factor of 21 and 105?
21
What is the highest common divisor of 12042 and 54?
54
What is the greatest common factor of 6955 and 130?
65
What is the highest common factor of 39 and 30?
3
What is the highest common factor of 2187 and 6?
3
What is the greatest common factor of 99 and 101376?
99
What is the greatest common divisor of 62 and 775?
31
What is the highest common factor of 1443 and 156?
39
What is the highest common divisor of 525 and 375?
75
Calculate the highest common factor of 720 and 3630.
30
What is the greatest common divisor of 712 and 21716?
356
What is the highest common factor of 2652 and 468?
156
What is the highest common divisor of 27 and 585?
9
What is the highest common factor of 5115 and 75?
15
Calculate the greatest common factor of 1133 and 4120.
103
Calculate the greatest common divisor of 15924 and 12.
12
What is the greatest common factor of 6 and 86?
2
Calculate the greatest common divisor of 160 and 400.
80
Calculate the greatest common divisor of 11258 and 52.
26
Calculate the highest common divisor of 116 and 261.
29
Calculate the highest common factor of 3475 and 75.
25
What is the greatest common divisor of 114 and 646?
38
What is the highest common divisor of 50 and 425?
25
What is the highest common divisor of 26 and 286?
26
What is the highest common divisor of 336 and 2464?
112
What is the greatest common factor of 68 and 10166?
34
What is the highest common divisor of 123 and 177?
3
Calculate the greatest common divisor of 1989 and 1768.
221
Calculate the greatest common divisor of 82 and 123.
41
What is the highest common factor of 525 and 375?
75
What is the greatest common factor of 203 and 42?
7
What is the highest common divisor of 43 and 172?
43
What is the highest common factor of 312 and 611?
13
What is the greatest common divisor of 23 and 253?
23
Calculate the highest common factor of 1080 and 3105.
135
What is the greatest common factor of 88 and 198?
22
Calculate the highest common divisor of 64 and 54208.
64
Calculate the greatest common factor of 19818 and 54.
54
Calculate the highest common divisor of 304 and 190.
38
What is the highest common divisor of 3325 and 1575?
175
What is the greatest common factor of 38 and 323?
19
What is the highest common factor of 12 and 12060?
12
What is the highest common factor of 45 and 1314?
9
Calculate the greatest common divisor of 438 and 6.
6
What is the highest common factor of 9 and 51?
3
What is the highest common factor of 45 and 11640?
15
What is the highest common divisor of 18 and 90?
18
Calculate the highest common divisor of 57 and 418.
19
What is the highest common divisor of 18 and 99?
9
What is the highest common factor of 66 and 55?
11
Calculate the highest common divisor of 1133 and 22.
11
What is the highest common divisor of 26 and 5018?
26
Calculate the greatest common divisor of 10940 and 20.
20
What is the highest common factor of 1769 and 1160?
29
What is the highest common factor of 441 and 36?
9
Calculate the highest common factor of 12801 and 51.
51
What is the greatest common factor of 2 and 1466?
2
What is the highest common factor of 5 and 81?
1
What is the greatest common factor of 1921 and 17?
17
Calculate the highest common divisor of 6 and 978.
6
What is the highest common divisor of 102 and 20?
2
What is the highest common divisor of 27 and 3?
3
Calculate the greatest common factor of 183 and 4331.
61
What is the highest common factor of 2088 and 72?
72
What is the greatest common factor of 314 and 785?
157
What is the greatest common divisor of 1145 and 20?
5
What is the highest common divisor of 23 and 391?
23
Calculate the highest common factor of 58 and 2349.
29
What is the highest common factor of 204 and 2924?
68
Calculate the highest common divisor of 312 and 117.
39
What is the highest common divisor of 95 and 2755?
95
What is the greatest common factor of 121 and 21659?
121
Calculate the highest common factor of 147 and 7.
7
Calculate the greatest common divisor of 58 and 2900.
58
What is the highest common divisor of 7964 and 220?
44
Calculate the greatest common divisor of 48 and 44112.
48
What is the highest common divisor of 28 and 518?
14
What is the greatest common factor of 120 and 8040?
120
What is the greatest common factor of 50 and 842?
2
What is the greatest common divisor of 19 and 19?
19
Calculate the highest common factor of 54372 and 184.
92
What is the greatest common factor of 29 and 1334?
29
What is the highest common factor of 35 and 1505?
35
Calculate the greatest common factor of 176 and 2552.
88
Calculate the highest common divisor of 375 and 15.
15
What is the greatest common factor of 21 and 1833?
3
Calculate the highest common factor of 2325 and 175.
25
What is the greatest common divisor of 4773 and 387?
129
What is the greatest common divisor of 4760 and 272?
136
What is the highest common divisor of 16 and 2936?
8
Calculate the greatest common divisor of 208 and 4.
4
What is the highest common factor of 1701 and 21?
21
Calculate the greatest common factor of 5593 and 17.
17
Calculate the highest common divisor of 1083 and 38.
19
What is the greatest common factor of 78 and 318?
6
What is the greatest common factor of 342 and 570?
114
Calculate the greatest common divisor of 176 and 80.
16
What is the highest common divisor of 304 and 19?
19
Calculate the highest common factor of 3385 and 5.
5
What is the highest common divisor of 170 and 612?
34
What is the greatest common divisor of 474 and 18?
6
What is the greatest common divisor of 70 and 455?
35
Calculate the highest common factor of 37 and 111.
37
Calculate the greatest common factor of 330 and 440.
110
Calculate the greatest common factor of 1606 and 286.
22
Calculate the highest common divisor of 48 and 5520.
48
What is the highest common divisor of 4626 and 18?
18
Calculate the greatest common divisor of 759 and 165.
33
What is the highest common factor of 10 and 6730?
10
Calculate the highest common divisor of 18405 and 225.
45
What is the highest common divisor of 732 and 12?
12
Calculate the highest common factor of 8 and 384.
8
Calculate the highest common factor of 60 and 1026.
6
What is the highest common factor of 209 and 22?
11
Calculate the greatest common factor of 4785 and 375.
15
What is the greatest common divisor of 15 and 615?
15
What is the greatest common divisor of 292 and 9271?
73
Calculate the greatest common divisor of 95 and 38.
19
What is the highest common divisor of 583 and 265?
53
Calculate the highest common factor of 55 and 22.
11
Calculate the highest common factor of 192 and 36.
12
What is the highest common divisor of 488 and 549?
61
What is the greatest common divisor of 957 and 33?
33
What is the highest common factor of 161 and 92?
23
Calculate the greatest co